 -5*j**3 - 36*j**2 - 9*j - 9. Calculate n(-7).
5
Let j(x) = -3*x**2 - 26*x + 83. Calculate j(8).
-317
Let j(q) = 36*q + 119. What is j(-4)?
-25
Let i(o) = -3*o**3 + 3*o**2 - 8*o + 2. Calculate i(3).
-76
Let a(t) = -t**3 + 103*t**2 + 4*t - 411. Give a(103).
1
Let i(c) = -c**2 + 197*c + 9752. What is i(-41)?
-6
Let u(m) = 2*m**2 + 17*m + 60. What is u(-4)?
24
Let d(x) = x**3 + 13*x**2 + 24*x + 403. Determine d(-13).
91
Let h(n) = -n**3 - 13*n**2 + 26*n + 228. Calculate h(-14).
60
Let c(f) = f**3 + 6*f**2 - 15*f + 1. Determine c(-8).
-7
Let x(v) = -v**3 - 15*v**2 + 21*v + 74. Calculate x(-16).
-6
Let y(u) = -18*u**2 - 425*u + 121. What is y(-24)?
-47
Let r(z) = 17*z + 161. Give r(-18).
-145
Let y(p) = p**2 - 1155*p + 19348. Determine y(17).
2
Let m(h) = -h**2 - 521*h - 2594. Calculate m(-5).
-14
Let d(k) = k + 36. Give d(-24).
12
Let y(q) = -q**3 - 16*q**2 - 30*q - 4. Determine y(-8).
-276
Let s(k) = -k**3 + 20*k**2 - 27*k - 41. Calculate s(19).
-193
Let f(s) = -s**2 + 522*s + 3691. Determine f(-7).
-12
Let j(y) = -3*y**2 + 77*y + 479. What is j(31)?
-17
Let d(q) = 94*q + 5217. Calculate d(-61).
-517
Let p(h) = -52*h**2 + 206*h + 11. Give p(4).
3
Let y(q) = -234*q - 437. Give y(-3).
265
Let j(t) = 3*t**3 + 35*t**2 + 60*t + 10. Determine j(-10).
-90
Let o(s) = 208*s + 26. Calculate o(1).
234
Let o(h) = 328*h - 12710. Give o(39).
82
Let y(l) = -50*l**2 + 401*l - 12. What is y(8)?
-4
Let g(c) = -12*c**2 + 191*c - 558. Determine g(12).
6
Let o(y) = -2*y**3 + 75*y**2 + 235*y - 21. Determine o(-3).
3
Let y(j) = 8*j**2 - 40*j + 22. Determine y(4).
-10
Let v(c) = -c**3 - 62*c**2 + 12*c + 748. Give v(-62).
4
Let m(w) = -1945*w + 56399. What is m(29)?
-6
Let c(g) = -5205*g + 15631. Calculate c(3).
16
Let l(r) = 191*r**3 - r**2 + r. Calculate l(-1).
-193
Let h(y) = y**3 - y**2 - 4*y + 46. Give h(0).
46
Let g(p) = 70*p + 3295. Determine g(-47).
5
Let w(u) = 639*u + 5735. Give w(-9).
-16
Let g(j) = -2*j**3 - 38*j**2 - 40*j + 89. Give g(-18).
161
Let b(q) = 3*q**2 + 9*q - 2. Give b(6).
160
Let h(u) = 2*u**3 - 20*u**2 + 38*u + 2. Calculate h(2).
14
Let i(y) = 281*y - 26982. What is i(96)?
-6
Let n(q) = -189*q**2 - q - 1. What is n(1)?
-191
Let h(o) = -64*o - 1140. Determine h(-18).
12
Let u(z) = 4*z**2 - 5*z - 5. Calculate u(-2).
21
Let x(y) = -y**2 - 121*y + 2667. Determine x(19).
7
Let b(s) = 3*s**3 + 76*s**2 - 40*s - 1599. Calculate b(-25).
26
Let l(d) = -5*d**2 - 35*d - 184. Calculate l(-7).
-184
Let y(w) = -2*w**3 + w**2 + 10*w + 37. Determine y(-3).
70
Let x(y) = 26*y + 250. Calculate x(-9).
16
Let q(v) = -v**3 - 34*v**2 + 34*v - 1382. Calculate q(-36).
-14
Let k(q) = 5*q**3 + 245*q**2 - 14*q - 683. Give k(-49).
3
Let a(p) = 31*p + 344. What is a(-10)?
34
Let p(h) = h**2 - 83*h - 3255. Give p(112).
-7
Let l(i) = -54*i + 657. Determine l(10).
117
Let y(n) = -n**3 - 18*n**2 - 36*n - 405. Calculate y(-17).
-82
Let n(f) = -33*f + 557. Determine n(17).
-4
Let f(y) = 6*y**3 - 5*y**2 + 22*y - 89. Give f(4).
303
Let l(y) = y**2 + 27*y - 795. Calculate l(19).
79
Let c(j) = -j**3 + 9*j**2 - 2*j + 28. Give c(9).
10
Let n(g) = 15*g + 374. Calculate n(-4).
314
Let h(o) = -69*o + 5777. Determine h(85).
-88
Let c(h) = 41*h + 525. What is c(-13)?
-8
Let l(u) = -u**2 + 3289*u - 3289. Calculate l(1).
-1
Let r(v) = -2*v**2 + 8*v - 43. Calculate r(11).
-197
Let f(m) = m**2 - 61*m + 562. What is f(13)?
-62
Let b(g) = 3*g**2 + 117*g - 195. Give b(-41).
51
Let c(w) = 105*w + 832. Give c(-8).
-8
Let m(g) = -8601*g - 129007. Calculate m(-15).
8
Let y(d) = 3*d**2 - 47*d + 127. Determine y(12).
-5
Let c(v) = -59*v + 2205. Determine c(37).
22
Let s(g) = -35*g**2 + 71*g - 1. Determine s(2).
1
Let y(i) = 2*i**3 - 161*i**2 - 77*i - 215. Calculate y(81).
109
Let h(w) = 14711*w - 382477. What is h(26)?
9
Let n(m) = -m**2 - 22*m + 102. Calculate n(4).
-2
Let n(c) = -2*c**3 + 17*c**2 - 37*c. Calculate n(6).
-42
Let k(x) = 10*x + 156. Determine k(-14).
16
Let i(y) = -y**3 - 12*y**2 + 2*y - 366. Determine i(-14).
-2
Let c(d) = d**3 - 76*d**2 - 148*d - 615. Calculate c(78).
9
Let a(p) = 87*p - 164. Determine a(2).
10
Let p(d) = -30*d - 214. Calculate p(-7).
-4
Let n(i) = 40*i**2 + 46*i - 6. Determine n(-2).
62
Let m(d) = -228*d + 73410. Give m(322).
-6
Let g(z) = -2*z**3 + 110*z**2 - 106*z - 50. What is g(54)?
58
Let z(g) = 3*g + 199. Give z(-28).
115
Let b(l) = 18*l - 728. What is b(42)?
28
Let i(h) = 100*h - 95. Calculate i(1).
5
Let k(z) = -3374*z - 13542. Determine k(-4).
-46
Let q(g) = -g**3 + 15*g**2 - 12*g - 31. Determine q(14).
-3
Let q(x) = 167*x**2 - 837*x - 3. Give q(5).
-13
Let a(g) = 4*g**2 + 66*g + 37. What is a(-7)?
-229
Let a(w) = 2311*w + 110919. What is a(-48)?
-9
Let f(x) = -x**2 - 20*x + 475. Calculate f(14).
-1
Let b(v) = 2*v**2 - 34*v + 179. Calculate b(20).
299
Let y(m) = 65*m + 17. Determine y(0).
17
Let u(c) = c**3 - 26*c**2 + 204*c - 5306. Give u(26).
-2
Let p(y) = 68*y - 8949. Calculate p(132).
27
Let m(f) = -f**3 - 26*f**2 - 105*f + 19. Calculate m(-21).
19
Let a(n) = -n**2 - 23*n - 143. Determine a(-19).
-67
Let u(b) = 2*b**2 - 121*b - 657. Determine u(-5).
-2
Let p(s) = -s**2 - 156*s + 7605. Calculate p(39).
0
Let i(o) = 46*o + 106. Give i(1).
152
Let n(c) = c**3 - 26*c**2 + 168*c - 76. Determine n(9).
59
Let c(z) = -62*z + 14. What is c(2)?
-110
Let z(m) = -m**3 + 41*m**2 - 343*m - 141. Calculate z(29).
4
Let o(b) = -214*b + 659. Give o(3).
17
Let o(m) = -63*m + 1416. Calculate o(23).
-33
Let w(t) = -t**3 + 106*t**2 - 203*t - 516. What is w(104)?
4
Let j(d) = d**3 + 15*d**2 + 9*d - 7. Give j(-12).
317
Let d(z) = 2*z**3 - 8*z**2 + 7*z - 30. Give d(4).
-2
Let p(k) = k**3 + 17*k**2 + 66*k - 5. What is p(-14)?
-341
Let u(k) = -k**2 - 71*k - 731. Determine u(-58).
23
Let v(c) = -c**3 - 21*c**2 - 57*c - 1743. Give v(-22).
-5
Let k(p) = -104*p - 1539. Calculate k(-15).
21
Let k(r) = -8791*r - 43968. Give k(-5).
-13
Let j(z) = 29*z - 85. Give j(13).
292
Let d(v) = 29*v + 920. What is d(-32)?
-8
Let f(b) = 98*b**2 - 161*b + 162. Give f(1).
99
Let x(s) = 11*s + 1033. Calculate x(-93).
10
Let o(z) = 2*z**2 - 77*z - 570. Determine o(45).
15
Let b(s) = -58*s**3 - s**2 + 13*s + 12. Determine b(-1).
56
Let s(v) = 15*v + 330. Give s(-20).
30
Let f(y) = y**2 - 230*y - 688. Determine f(-3).
11
Let h(l) = 10*l**2 + 119*l + 69. What is h(-11)?
-30
Let x(r) = -8*r - 44. Give x(6).
-92
Let u(n) = 2*n + 42. Give u(-2).
38
Let n(w) = -7*w**2 - 55*w + 7. Give n(-12).
-341
Let n(o) = -o**2 - 62*o + 717. What is n(-72)?
-3
Let g(c) = 2*c**3 - 5*c**2 - 42*c - 8. Calculate g(-5).
-173
Let u(x) = 6*x**3 + 7*x**2 + 11*x + 4. Determine u(-1).
-6
Let z(p) = -88*p - 664. Determine z(-4).
-312
Let q(a) = -4*a**3 + 343*a**2 + 89*a - 250. Calculate q(86).
8
Let c(d) = -d**2 + 517*d - 22960. Determine c(49).
-28
Let h(p) = p**3 - 94*p**2 - 97*p + 244. Give h(95).
54
Let q(b) = -15*b**2 - 342*b + 687. Calculate q(2).
-57
Let m(i) = i**2 - 21*i - 74. Give m(-7).
122
Let n(l) = 74*l - 5279. Give n(71).
-25
Let w(n) = -n**2 - 36*n - 164. What is w(-37)?
-201
Let g(m) = m**3 + 123*m**2 + 130*m + 986. What is g(-122)?
10
Let v(k) = 2511*k + 92886. Determine v(-37).
-21
Let t(l) = 90*l**2 + 49*l - 135. Determine t(3).
822
Let y(w) = -2*w**2 + 117*w + 4406. Determine y(-26).
12
Let j(c) = 189*c + 14. Give j(-1).
-175
Let q(b) = -b**3 + 6*b**2 + 78*b - 264. What is q(3)?
-3
Let b(r) = 109*r + 4240. What is b(-39)?
-11
Let s(a) = 186*a - 2277. Give s(13).
141
Let d(z) = 2*z**3 - 60*z**2 - 59*z - 89. What is d(31)?
4
Let v(g) = 19*g - 874. What is v(46)?
0
Let r(x) = 155*x**2 + 364*x + 365. Determine r(-1).
156
Let r(t) = t**3 + t**2 - 16*t - 6. Calculate r(4).
10
Let g(m) = -412*m - 6889. Determine g(-17).
115
Let j(w) = w**2 + 23*w - 87. Calculate j(-25).
-37
Let l(j) = -740*j + 2248. What is l(3)?
28
Let s(t) = 10*t**3 + t**2 - 8287*t + 8286. What is s(1)?
10
Let y(u) = -u**2 - 43*u + 660. What is y(12)?
0
Let v(o) = 51*o - 1664. Calculate v(34).
70
Let c(p) = 2*p**2 - 35*p + 77. What is c(16)?
29
Let r(u) = -2*u**2 + 67*u + 3. What is r(33)?
36
Let g(p) = -19*p**3 + 268*p**2 - 27*p - 12. Give g(14).
2
Let v(l) = -l**2 + 160*l - 5. Determine v(0).
-5
Let a(k) = 7503*k + 67518. Determine a(-9).
-9
Let h(a) = a + 262. Calculate h(-9).
253
Let d(z) = 18*z - 2660. Determine d(148).
4
Let i(x) = 2*x**3 + 20